{"id":8058,"date":"2023-10-27T14:30:49","date_gmt":"2023-10-27T14:30:49","guid":{"rendered":"https:\/\/sandbox2.foxtrotdev.com\/?page_id=8058"},"modified":"2023-11-21T19:44:26","modified_gmt":"2023-11-21T19:44:26","slug":"pharmacy-museums-and-exhibits-u-s-districts-and-territories","status":"publish","type":"page","link":"https:\/\/sandbox2.foxtrotdev.com\/?page_id=8058","title":{"rendered":"Pharmacy Museums and Exhibits: U.S. Districts and Territories"},"content":{"rendered":"\n<figure class=\"wp-block-image size-full is-style-default\"><img loading=\"lazy\" decoding=\"async\" width=\"600\" height=\"382\" src=\"https:\/\/sandbox2.foxtrotdev.com\/wp-content\/uploads\/2022\/08\/Pharmacy-Stamp.jpg\" alt=\"\" class=\"wp-image-7502\" srcset=\"https:\/\/sandbox2.foxtrotdev.com\/wp-content\/uploads\/2022\/08\/Pharmacy-Stamp.jpg 600w, https:\/\/sandbox2.foxtrotdev.com\/wp-content\/uploads\/2022\/08\/Pharmacy-Stamp-300x191.jpg 300w, https:\/\/sandbox2.foxtrotdev.com\/wp-content\/uploads\/2022\/08\/Pharmacy-Stamp-150x96.jpg 150w\" sizes=\"auto, (max-width: 600px) 100vw, 600px\" \/><\/figure>\n\n\n\n<p id=\"block-b75af6f0-d2a8-4f38-8228-70d0dd9c58c6\"><strong>District of Columbia:<\/strong><\/p>\n\n\n\n<ul class=\"wp-block-list\" id=\"block-21463710-9b8e-413d-8ca8-bc834f4840dd\"><li>D.C.: <a href=\"https:\/\/aphanet.pharmacist.com\/sites\/default\/files\/files\/APhAHQ%20Tour%20Booklet.pdf\">American Pharmacists Association (APhA) Headquarters<\/a> (tour book link), call (202)-429-7593 for information<\/li><li>D.C.: <a rel=\"noreferrer noopener\" href=\"https:\/\/americanhistory.si.edu\/topics\/infectious-disease-history\" target=\"_blank\">National Museum of American History: Infectious Disease History<\/a><\/li><\/ul>\n\n\n\n<p><strong>Puerto Rico:<\/strong><\/p>\n\n\n\n<ul class=\"wp-block-list\"><li>San Germ<kbd>\u00e1<\/kbd>n: <a href=\"https:\/\/www.mhisapr.org\/\">Dom\u00ednguez Pharmacy Museum at the San Germ\u00e1n History Museum<\/a><\/li><li>San Juan: <a href=\"https:\/\/farmacia.rcm.upr.edu\/museum\" target=\"_blank\" rel=\"noreferrer noopener\">University of Puerto Rico School of Pharmacy Museum of Pharmacy and Medicinal Plants<\/a><\/li><\/ul>\n\n\n\n<p><\/p>\n","protected":false},"excerpt":{"rendered":"<p>District of Columbia: D.C.: American Pharmacists Association (APhA) Headquarters (tour book link), call (202)-429-7593 for information D.C.: National Museum of American History: Infectious Disease History Puerto Rico: San Germ\u00e1n: Dom\u00ednguez Pharmacy Museum at the San Germ\u00e1n History Museum San Juan: University of Puerto Rico School of Pharmacy Museum of Pharmacy and Medicinal Plants<\/p>\n","protected":false},"author":4,"featured_media":0,"parent":7844,"menu_order":5,"comment_status":"closed","ping_status":"closed","template":"","meta":{"footnotes":""},"class_list":["post-8058","page","type-page","status-publish","hentry"],"yoast_head":"<!-- This site is optimized with the Yoast SEO plugin v26.6 - https:\/\/yoast.com\/wordpress\/plugins\/seo\/ -->\n<title>Pharmacy Museums and Exhibits: U.S. Districts and Territories - American Institute of the History of Pharmacy<\/title>\n<meta name=\"description\" content=\"Advancing knowledge and understanding of the history of pharmacy and medicines.\" \/>\n<meta name=\"robots\" content=\"index, follow, max-snippet:-1, max-image-preview:large, max-video-preview:-1\" \/>\n<link rel=\"canonical\" href=\"https:\/\/sandbox2.foxtrotdev.com\/?page_id=8058\" \/>\n<meta property=\"og:locale\" content=\"en_US\" \/>\n<meta property=\"og:type\" content=\"article\" \/>\n<meta property=\"og:title\" content=\"Pharmacy Museums and Exhibits: U.S. Districts and Territories - American Institute of the History of Pharmacy\" \/>\n<meta property=\"og:description\" content=\"Advancing knowledge and understanding of the history of pharmacy and medicines.\" \/>\n<meta property=\"og:url\" content=\"https:\/\/sandbox2.foxtrotdev.com\/?page_id=8058\" \/>\n<meta property=\"og:site_name\" content=\"American Institute of the History of Pharmacy\" \/>\n<meta property=\"article:publisher\" content=\"https:\/\/www.facebook.com\/PharmacyInHistory\/\" \/>\n<meta property=\"article:modified_time\" content=\"2023-11-21T19:44:26+00:00\" \/>\n<meta property=\"og:image\" content=\"https:\/\/sandbox2.foxtrotdev.com\/wp-content\/uploads\/2022\/08\/Pharmacy-Stamp.jpg\" \/>\n<meta name=\"twitter:card\" content=\"summary_large_image\" \/>\n<script type=\"application\/ld+json\" class=\"yoast-schema-graph\">{\"@context\":\"https:\/\/schema.org\",\"@graph\":[{\"@type\":\"WebPage\",\"@id\":\"https:\/\/sandbox2.foxtrotdev.com\/?page_id=8058\",\"url\":\"https:\/\/sandbox2.foxtrotdev.com\/?page_id=8058\",\"name\":\"Pharmacy Museums and Exhibits: U.S. Districts and Territories - American Institute of the History of Pharmacy\",\"isPartOf\":{\"@id\":\"https:\/\/sandbox2.foxtrotdev.com\/#website\"},\"primaryImageOfPage\":{\"@id\":\"https:\/\/sandbox2.foxtrotdev.com\/?page_id=8058#primaryimage\"},\"image\":{\"@id\":\"https:\/\/sandbox2.foxtrotdev.com\/?page_id=8058#primaryimage\"},\"thumbnailUrl\":\"https:\/\/sandbox2.foxtrotdev.com\/wp-content\/uploads\/2022\/08\/Pharmacy-Stamp.jpg\",\"datePublished\":\"2023-10-27T14:30:49+00:00\",\"dateModified\":\"2023-11-21T19:44:26+00:00\",\"description\":\"Advancing knowledge and understanding of the history of pharmacy and medicines.\",\"breadcrumb\":{\"@id\":\"https:\/\/sandbox2.foxtrotdev.com\/?page_id=8058#breadcrumb\"},\"inLanguage\":\"en\",\"potentialAction\":[{\"@type\":\"ReadAction\",\"target\":[\"https:\/\/sandbox2.foxtrotdev.com\/?page_id=8058\"]}]},{\"@type\":\"ImageObject\",\"inLanguage\":\"en\",\"@id\":\"https:\/\/sandbox2.foxtrotdev.com\/?page_id=8058#primaryimage\",\"url\":\"https:\/\/sandbox2.foxtrotdev.com\/wp-content\/uploads\/2022\/08\/Pharmacy-Stamp.jpg\",\"contentUrl\":\"https:\/\/sandbox2.foxtrotdev.com\/wp-content\/uploads\/2022\/08\/Pharmacy-Stamp.jpg\",\"width\":600,\"height\":382},{\"@type\":\"BreadcrumbList\",\"@id\":\"https:\/\/sandbox2.foxtrotdev.com\/?page_id=8058#breadcrumb\",\"itemListElement\":[{\"@type\":\"ListItem\",\"position\":1,\"name\":\"Home\",\"item\":\"https:\/\/sandbox2.foxtrotdev.com\/\"},{\"@type\":\"ListItem\",\"position\":2,\"name\":\"Pharmacy Museums and Exhibits\",\"item\":\"https:\/\/sandbox2.foxtrotdev.com\/?page_id=7844\"},{\"@type\":\"ListItem\",\"position\":3,\"name\":\"Pharmacy Museums and Exhibits: U.S. Districts and Territories\"}]},{\"@type\":\"WebSite\",\"@id\":\"https:\/\/sandbox2.foxtrotdev.com\/#website\",\"url\":\"https:\/\/sandbox2.foxtrotdev.com\/\",\"name\":\"American Institute of the History of Pharmacy\",\"description\":\"Actively engaged in preserving the documents of pharmacy's past and developing materials for understanding the future.\",\"publisher\":{\"@id\":\"https:\/\/sandbox2.foxtrotdev.com\/#organization\"},\"potentialAction\":[{\"@type\":\"SearchAction\",\"target\":{\"@type\":\"EntryPoint\",\"urlTemplate\":\"https:\/\/sandbox2.foxtrotdev.com\/?s={search_term_string}\"},\"query-input\":{\"@type\":\"PropertyValueSpecification\",\"valueRequired\":true,\"valueName\":\"search_term_string\"}}],\"inLanguage\":\"en\"},{\"@type\":\"Organization\",\"@id\":\"https:\/\/sandbox2.foxtrotdev.com\/#organization\",\"name\":\"American Institute of the History of Pharmacy\",\"url\":\"https:\/\/sandbox2.foxtrotdev.com\/\",\"logo\":{\"@type\":\"ImageObject\",\"inLanguage\":\"en\",\"@id\":\"https:\/\/sandbox2.foxtrotdev.com\/#\/schema\/logo\/image\/\",\"url\":\"https:\/\/sandbox2.foxtrotdev.com\/wp-content\/uploads\/2019\/03\/logo.png\",\"contentUrl\":\"https:\/\/sandbox2.foxtrotdev.com\/wp-content\/uploads\/2019\/03\/logo.png\",\"width\":128,\"height\":41,\"caption\":\"American Institute of the History of Pharmacy\"},\"image\":{\"@id\":\"https:\/\/sandbox2.foxtrotdev.com\/#\/schema\/logo\/image\/\"},\"sameAs\":[\"https:\/\/www.facebook.com\/PharmacyInHistory\/\",\"https:\/\/www.youtube.com\/channel\/UCuS80O24UVthiojfv395YiA\"]}]}<\/script>\n<!-- \/ Yoast SEO plugin. -->","yoast_head_json":{"title":"Pharmacy Museums and Exhibits: U.S. Districts and Territories - American Institute of the History of Pharmacy","description":"Advancing knowledge and understanding of the history of pharmacy and medicines.","robots":{"index":"index","follow":"follow","max-snippet":"max-snippet:-1","max-image-preview":"max-image-preview:large","max-video-preview":"max-video-preview:-1"},"canonical":"https:\/\/sandbox2.foxtrotdev.com\/?page_id=8058","og_locale":"en_US","og_type":"article","og_title":"Pharmacy Museums and Exhibits: U.S. Districts and Territories - American Institute of the History of Pharmacy","og_description":"Advancing knowledge and understanding of the history of pharmacy and medicines.","og_url":"https:\/\/sandbox2.foxtrotdev.com\/?page_id=8058","og_site_name":"American Institute of the History of Pharmacy","article_publisher":"https:\/\/www.facebook.com\/PharmacyInHistory\/","article_modified_time":"2023-11-21T19:44:26+00:00","og_image":[{"url":"https:\/\/sandbox2.foxtrotdev.com\/wp-content\/uploads\/2022\/08\/Pharmacy-Stamp.jpg","type":"","width":"","height":""}],"twitter_card":"summary_large_image","schema":{"@context":"https:\/\/schema.org","@graph":[{"@type":"WebPage","@id":"https:\/\/sandbox2.foxtrotdev.com\/?page_id=8058","url":"https:\/\/sandbox2.foxtrotdev.com\/?page_id=8058","name":"Pharmacy Museums and Exhibits: U.S. Districts and Territories - American Institute of the History of Pharmacy","isPartOf":{"@id":"https:\/\/sandbox2.foxtrotdev.com\/#website"},"primaryImageOfPage":{"@id":"https:\/\/sandbox2.foxtrotdev.com\/?page_id=8058#primaryimage"},"image":{"@id":"https:\/\/sandbox2.foxtrotdev.com\/?page_id=8058#primaryimage"},"thumbnailUrl":"https:\/\/sandbox2.foxtrotdev.com\/wp-content\/uploads\/2022\/08\/Pharmacy-Stamp.jpg","datePublished":"2023-10-27T14:30:49+00:00","dateModified":"2023-11-21T19:44:26+00:00","description":"Advancing knowledge and understanding of the history of pharmacy and medicines.","breadcrumb":{"@id":"https:\/\/sandbox2.foxtrotdev.com\/?page_id=8058#breadcrumb"},"inLanguage":"en","potentialAction":[{"@type":"ReadAction","target":["https:\/\/sandbox2.foxtrotdev.com\/?page_id=8058"]}]},{"@type":"ImageObject","inLanguage":"en","@id":"https:\/\/sandbox2.foxtrotdev.com\/?page_id=8058#primaryimage","url":"https:\/\/sandbox2.foxtrotdev.com\/wp-content\/uploads\/2022\/08\/Pharmacy-Stamp.jpg","contentUrl":"https:\/\/sandbox2.foxtrotdev.com\/wp-content\/uploads\/2022\/08\/Pharmacy-Stamp.jpg","width":600,"height":382},{"@type":"BreadcrumbList","@id":"https:\/\/sandbox2.foxtrotdev.com\/?page_id=8058#breadcrumb","itemListElement":[{"@type":"ListItem","position":1,"name":"Home","item":"https:\/\/sandbox2.foxtrotdev.com\/"},{"@type":"ListItem","position":2,"name":"Pharmacy Museums and Exhibits","item":"https:\/\/sandbox2.foxtrotdev.com\/?page_id=7844"},{"@type":"ListItem","position":3,"name":"Pharmacy Museums and Exhibits: U.S. Districts and Territories"}]},{"@type":"WebSite","@id":"https:\/\/sandbox2.foxtrotdev.com\/#website","url":"https:\/\/sandbox2.foxtrotdev.com\/","name":"American Institute of the History of Pharmacy","description":"Actively engaged in preserving the documents of pharmacy's past and developing materials for understanding the future.","publisher":{"@id":"https:\/\/sandbox2.foxtrotdev.com\/#organization"},"potentialAction":[{"@type":"SearchAction","target":{"@type":"EntryPoint","urlTemplate":"https:\/\/sandbox2.foxtrotdev.com\/?s={search_term_string}"},"query-input":{"@type":"PropertyValueSpecification","valueRequired":true,"valueName":"search_term_string"}}],"inLanguage":"en"},{"@type":"Organization","@id":"https:\/\/sandbox2.foxtrotdev.com\/#organization","name":"American Institute of the History of Pharmacy","url":"https:\/\/sandbox2.foxtrotdev.com\/","logo":{"@type":"ImageObject","inLanguage":"en","@id":"https:\/\/sandbox2.foxtrotdev.com\/#\/schema\/logo\/image\/","url":"https:\/\/sandbox2.foxtrotdev.com\/wp-content\/uploads\/2019\/03\/logo.png","contentUrl":"https:\/\/sandbox2.foxtrotdev.com\/wp-content\/uploads\/2019\/03\/logo.png","width":128,"height":41,"caption":"American Institute of the History of Pharmacy"},"image":{"@id":"https:\/\/sandbox2.foxtrotdev.com\/#\/schema\/logo\/image\/"},"sameAs":["https:\/\/www.facebook.com\/PharmacyInHistory\/","https:\/\/www.youtube.com\/channel\/UCuS80O24UVthiojfv395YiA"]}]}},"_links":{"self":[{"href":"https:\/\/sandbox2.foxtrotdev.com\/index.php?rest_route=\/wp\/v2\/pages\/8058","targetHints":{"allow":["GET"]}}],"collection":[{"href":"https:\/\/sandbox2.foxtrotdev.com\/index.php?rest_route=\/wp\/v2\/pages"}],"about":[{"href":"https:\/\/sandbox2.foxtrotdev.com\/index.php?rest_route=\/wp\/v2\/types\/page"}],"author":[{"embeddable":true,"href":"https:\/\/sandbox2.foxtrotdev.com\/index.php?rest_route=\/wp\/v2\/users\/4"}],"replies":[{"embeddable":true,"href":"https:\/\/sandbox2.foxtrotdev.com\/index.php?rest_route=%2Fwp%2Fv2%2Fcomments&post=8058"}],"version-history":[{"count":9,"href":"https:\/\/sandbox2.foxtrotdev.com\/index.php?rest_route=\/wp\/v2\/pages\/8058\/revisions"}],"predecessor-version":[{"id":8131,"href":"https:\/\/sandbox2.foxtrotdev.com\/index.php?rest_route=\/wp\/v2\/pages\/8058\/revisions\/8131"}],"up":[{"embeddable":true,"href":"https:\/\/sandbox2.foxtrotdev.com\/index.php?rest_route=\/wp\/v2\/pages\/7844"}],"wp:attachment":[{"href":"https:\/\/sandbox2.foxtrotdev.com\/index.php?rest_route=%2Fwp%2Fv2%2Fmedia&parent=8058"}],"curies":[{"name":"wp","href":"https:\/\/api.w.org\/{rel}","templated":true}]}}