{"id":1120,"date":"2018-01-08T20:41:58","date_gmt":"2018-01-08T20:41:58","guid":{"rendered":"https:\/\/sandbox2.foxtrotdev.com\/?page_id=1120"},"modified":"2020-08-11T20:21:18","modified_gmt":"2020-08-11T20:21:18","slug":"ph-vol-58","status":"publish","type":"page","link":"https:\/\/sandbox2.foxtrotdev.com\/?page_id=1120","title":{"rendered":"Pharmacy in History Vol. 58 (2016)"},"content":{"rendered":"<p><b style=\"padding-left: 20px\">Volume 58 &#8211; 2016<\/b><\/p>\n<div class=\"row\">\n<div class=\"col-md-3\"><img loading=\"lazy\" decoding=\"async\" width=\"699\" height=\"1024\" class=\"alignleft wp-image-53 size-large\" src=\"https:\/\/sandbox2.foxtrotdev.com\/wp-content\/uploads\/2017\/06\/PH3-699x1024.jpeg\" alt=\"\" srcset=\"https:\/\/sandbox2.foxtrotdev.com\/wp-content\/uploads\/2017\/06\/PH3-699x1024.jpeg 699w, https:\/\/sandbox2.foxtrotdev.com\/wp-content\/uploads\/2017\/06\/PH3-205x300.jpeg 205w, https:\/\/sandbox2.foxtrotdev.com\/wp-content\/uploads\/2017\/06\/PH3-768x1125.jpeg 768w, https:\/\/sandbox2.foxtrotdev.com\/wp-content\/uploads\/2017\/06\/PH3.jpeg 2027w\" sizes=\"auto, (max-width: 699px) 100vw, 699px\" \/><\/div>\n<div class=\"col-md-9\">\n<h2><a href=\"https:\/\/www.jstor.org\/stable\/10.26506\/pharmhist.58.issue-3-4\" target=\"_blank\" rel=\"noopener noreferrer\">Pharmacy in History vol. 58, nos. 3&amp;4 (2016)<\/a><\/h2>\n<p><strong>Contents:<\/strong><\/p>\n<p><a href=\"http:\/\/www.jstor.org\/stable\/10.26506\/pharmhist.58.3-4.0063\" target=\"_blank\" rel=\"noopener noreferrer\">Travelers, Patent Medicines, and Pharmacopeias: American Pharmacy and British India, 1857 to 1931<\/a>, by Stuart Anderson<\/p>\n<p><a href=\"http:\/\/www.jstor.org\/stable\/10.26506\/pharmhist.58.3-4.0083\" target=\"_blank\" rel=\"noopener noreferrer\">From Pharmacien to First Pharmacist<\/a>, by Laurel A. Dorrance<\/p>\n<p><em>Research Notes &amp; Departments<\/em><\/p>\n<p><a href=\"http:\/\/www.jstor.org\/stable\/10.26506\/pharmhist.58.3-4.0103\" target=\"_blank\" rel=\"noopener noreferrer\">Whitelaw Ainslie: Pioneer in Promoting Indigenous Indian Drugs<\/a>, by Harkishan Singh<\/p>\n<p><em>From the Files, edited by Beth D. Fisher<\/em><br \/>\n<a href=\"http:\/\/www.jstor.org\/stable\/10.26506\/pharmhist.58.3-4.0107\" target=\"_blank\" rel=\"noopener noreferrer\">Remarks on the Dedication of a Historical Marker Commemorating the First Licensing of Pharmacists in the United States<\/a>, by Glenn Sonnedecker<\/p>\n<p><em>The Bookshelf, edited by Michael A. Flannery<br \/>\n<a href=\"http:\/\/www.jstor.org\/stable\/10.26506\/pharmhist.58.3-4.0109\" target=\"_blank\" rel=\"noopener noreferrer\">Household Medicine in Seventeenth-Century England by Anne Stobart<\/a>,<br \/>\n<\/em>Review by: Paul S. Lloyd<em><br \/>\n<\/em><\/p>\n<p><a href=\"http:\/\/www.jstor.org\/stable\/10.26506\/pharmhist.58.3-4.0110\" target=\"_blank\" rel=\"noopener noreferrer\">Dissertations in the History of Pharmacy<\/a>, Selected and Abstracted by Jonathan Erlen<\/p>\n<p><a href=\"http:\/\/www.jstor.org\/stable\/10.26506\/pharmhist.58.3-4.0111\" target=\"_blank\" rel=\"noopener noreferrer\">2016 AIHP Annual Business Meeting Teleconference Minutes<\/a><\/p>\n<\/div>\n<\/div>\n<hr>\n<div class=\"row\">\n<div class=\"col-md-3\"><img loading=\"lazy\" decoding=\"async\" width=\"693\" height=\"1024\" class=\"alignleft wp-image-54 size-large\" src=\"https:\/\/sandbox2.foxtrotdev.com\/wp-content\/uploads\/2017\/06\/PH2-693x1024.jpeg\" alt=\"\" srcset=\"https:\/\/sandbox2.foxtrotdev.com\/wp-content\/uploads\/2017\/06\/PH2-693x1024.jpeg 693w, https:\/\/sandbox2.foxtrotdev.com\/wp-content\/uploads\/2017\/06\/PH2-203x300.jpeg 203w, https:\/\/sandbox2.foxtrotdev.com\/wp-content\/uploads\/2017\/06\/PH2-768x1134.jpeg 768w, https:\/\/sandbox2.foxtrotdev.com\/wp-content\/uploads\/2017\/06\/PH2.jpeg 2022w\" sizes=\"auto, (max-width: 693px) 100vw, 693px\" \/><\/div>\n<div class=\"col-md-9\">\n<h2><a href=\"https:\/\/www.jstor.org\/stable\/10.26506\/pharmhist.58.issue-1-2\" target=\"_blank\" rel=\"noopener noreferrer\">Pharmacy in History vol. 58, nos. 1&amp;2 (2016)<\/a><\/h2>\n<p><strong>Contents:<\/strong><\/p>\n<p><a href=\"http:\/\/www.jstor.org\/stable\/10.26506\/pharmhist.58.1-2.0003\" target=\"_blank\" rel=\"noopener noreferrer\">Recovering and Expanding Mozella Esther Lewis\u2019s Pioneering History of African-American Pharmacy Students, 1870-1925<\/a>, by Gregory Bond<\/p>\n<p>Historical Reprint: <a href=\"http:\/\/www.jstor.org\/stable\/10.26506\/pharmhist.58.1-2.0024\" target=\"_blank\" rel=\"noopener noreferrer\">History of the Negro in Pharmacy<\/a>, by Mozella E. Lewis<\/p>\n<p><em>Research Notes &amp; Departments<\/em><\/p>\n<p><a href=\"http:\/\/www.jstor.org\/stable\/10.26506\/pharmhist.58.1-2.0036\" target=\"_blank\" rel=\"noopener noreferrer\">Development and Use of a Video about the History of Pharmacy: The Case of Quebec<\/a>, by Jean-Fran\u00e7ois Bussi\u00e8res, Denis Lebel, Adrian Maxim, Lorine de Pr\u00e9monville, Nancy Marando, Pierre-Andr\u00e9 Savard<\/p>\n<p><em>From the Files, edited by Beth D. Fisher<\/em><br \/>\n<a href=\"http:\/\/www.jstor.org\/stable\/10.26506\/pharmhist.58.1-2.0041\" target=\"_blank\" rel=\"noopener noreferrer\">Edward Kremers (1865-1941) Reformer of American Pharmaceutical Education<\/a>, by George Urdang<\/p>\n<p><em>The Bookshelf, edited by Michael A. Flannery<\/em><br \/>\n<a href=\"http:\/\/www.jstor.org\/stable\/10.26506\/pharmhist.58.1-2.0055\" target=\"_blank\" rel=\"noopener noreferrer\"><em>Phi Delta Chi: A Tradition of Leaders in Pharmacy by J. D. Grabenstein<\/em><\/a>, ed.<br \/>\nReview by: Dennis B. Worthen<\/p>\n<p><a href=\"http:\/\/www.jstor.org\/stable\/10.26506\/pharmhist.58.1-2.0056\" target=\"_blank\" rel=\"noopener noreferrer\">Dissertations in the History of Pharmacy<\/a>, Selected and Abstracted by Jonathan Erlen<\/p>\n<\/div>\n<\/div>\n","protected":false},"excerpt":{"rendered":"<p>Volume 58 &#8211; 2016 Pharmacy in History vol. 58, nos. 3&amp;4 (2016) Contents: Travelers, Patent Medicines, and Pharmacopeias: American Pharmacy and British India, 1857 to 1931, by Stuart Anderson From Pharmacien to First Pharmacist, by Laurel A. Dorrance Research Notes &amp; Departments Whitelaw Ainslie: Pioneer in Promoting Indigenous Indian Drugs, by Harkishan Singh From the [&hellip;]<\/p>\n","protected":false},"author":2,"featured_media":0,"parent":3214,"menu_order":4,"comment_status":"closed","ping_status":"closed","template":"","meta":{"footnotes":""},"class_list":["post-1120","page","type-page","status-publish","hentry"],"yoast_head":"<!-- This site is optimized with the Yoast SEO plugin v26.6 - https:\/\/yoast.com\/wordpress\/plugins\/seo\/ -->\n<title>Pharmacy in History Vol. 58 (2016) - American Institute of the History of Pharmacy<\/title>\n<meta name=\"description\" content=\"Advancing knowledge and understanding of the history of pharmacy and medicines.\" \/>\n<meta name=\"robots\" content=\"index, follow, max-snippet:-1, max-image-preview:large, max-video-preview:-1\" \/>\n<link rel=\"canonical\" href=\"https:\/\/sandbox2.foxtrotdev.com\/?page_id=1120\" \/>\n<meta property=\"og:locale\" content=\"en_US\" \/>\n<meta property=\"og:type\" content=\"article\" \/>\n<meta property=\"og:title\" content=\"Pharmacy in History Vol. 58 (2016) - American Institute of the History of Pharmacy\" \/>\n<meta property=\"og:description\" content=\"Advancing knowledge and understanding of the history of pharmacy and medicines.\" \/>\n<meta property=\"og:url\" content=\"https:\/\/sandbox2.foxtrotdev.com\/?page_id=1120\" \/>\n<meta property=\"og:site_name\" content=\"American Institute of the History of Pharmacy\" \/>\n<meta property=\"article:publisher\" content=\"https:\/\/www.facebook.com\/PharmacyInHistory\/\" \/>\n<meta property=\"article:modified_time\" content=\"2020-08-11T20:21:18+00:00\" \/>\n<meta property=\"og:image\" content=\"https:\/\/sandbox2.foxtrotdev.com\/wp-content\/uploads\/2017\/06\/PH3-699x1024.jpeg\" \/>\n<meta name=\"twitter:card\" content=\"summary_large_image\" \/>\n<meta name=\"twitter:label1\" content=\"Est. reading time\" \/>\n\t<meta name=\"twitter:data1\" content=\"1 minute\" \/>\n<script type=\"application\/ld+json\" class=\"yoast-schema-graph\">{\"@context\":\"https:\/\/schema.org\",\"@graph\":[{\"@type\":\"WebPage\",\"@id\":\"https:\/\/sandbox2.foxtrotdev.com\/?page_id=1120\",\"url\":\"https:\/\/sandbox2.foxtrotdev.com\/?page_id=1120\",\"name\":\"Pharmacy in History Vol. 58 (2016) - American Institute of the History of Pharmacy\",\"isPartOf\":{\"@id\":\"https:\/\/sandbox2.foxtrotdev.com\/#website\"},\"primaryImageOfPage\":{\"@id\":\"https:\/\/sandbox2.foxtrotdev.com\/?page_id=1120#primaryimage\"},\"image\":{\"@id\":\"https:\/\/sandbox2.foxtrotdev.com\/?page_id=1120#primaryimage\"},\"thumbnailUrl\":\"https:\/\/sandbox2.foxtrotdev.com\/wp-content\/uploads\/2017\/06\/PH3-699x1024.jpeg\",\"datePublished\":\"2018-01-08T20:41:58+00:00\",\"dateModified\":\"2020-08-11T20:21:18+00:00\",\"description\":\"Advancing knowledge and understanding of the history of pharmacy and medicines.\",\"breadcrumb\":{\"@id\":\"https:\/\/sandbox2.foxtrotdev.com\/?page_id=1120#breadcrumb\"},\"inLanguage\":\"en\",\"potentialAction\":[{\"@type\":\"ReadAction\",\"target\":[\"https:\/\/sandbox2.foxtrotdev.com\/?page_id=1120\"]}]},{\"@type\":\"ImageObject\",\"inLanguage\":\"en\",\"@id\":\"https:\/\/sandbox2.foxtrotdev.com\/?page_id=1120#primaryimage\",\"url\":\"https:\/\/sandbox2.foxtrotdev.com\/wp-content\/uploads\/2017\/06\/PH3.jpeg\",\"contentUrl\":\"https:\/\/sandbox2.foxtrotdev.com\/wp-content\/uploads\/2017\/06\/PH3.jpeg\",\"width\":2027,\"height\":2968,\"caption\":\"Cover of Pharmacy in History\"},{\"@type\":\"BreadcrumbList\",\"@id\":\"https:\/\/sandbox2.foxtrotdev.com\/?page_id=1120#breadcrumb\",\"itemListElement\":[{\"@type\":\"ListItem\",\"position\":1,\"name\":\"Home\",\"item\":\"https:\/\/sandbox2.foxtrotdev.com\/\"},{\"@type\":\"ListItem\",\"position\":2,\"name\":\"Pharmacy in History Journal\",\"item\":\"https:\/\/sandbox2.foxtrotdev.com\/?page_id=40\"},{\"@type\":\"ListItem\",\"position\":3,\"name\":\"Recent Issues of Pharmacy in History\",\"item\":\"https:\/\/sandbox2.foxtrotdev.com\/?page_id=3214\"},{\"@type\":\"ListItem\",\"position\":4,\"name\":\"Pharmacy in History Vol. 58 (2016)\"}]},{\"@type\":\"WebSite\",\"@id\":\"https:\/\/sandbox2.foxtrotdev.com\/#website\",\"url\":\"https:\/\/sandbox2.foxtrotdev.com\/\",\"name\":\"American Institute of the History of Pharmacy\",\"description\":\"Actively engaged in preserving the documents of pharmacy's past and developing materials for understanding the future.\",\"publisher\":{\"@id\":\"https:\/\/sandbox2.foxtrotdev.com\/#organization\"},\"potentialAction\":[{\"@type\":\"SearchAction\",\"target\":{\"@type\":\"EntryPoint\",\"urlTemplate\":\"https:\/\/sandbox2.foxtrotdev.com\/?s={search_term_string}\"},\"query-input\":{\"@type\":\"PropertyValueSpecification\",\"valueRequired\":true,\"valueName\":\"search_term_string\"}}],\"inLanguage\":\"en\"},{\"@type\":\"Organization\",\"@id\":\"https:\/\/sandbox2.foxtrotdev.com\/#organization\",\"name\":\"American Institute of the History of Pharmacy\",\"url\":\"https:\/\/sandbox2.foxtrotdev.com\/\",\"logo\":{\"@type\":\"ImageObject\",\"inLanguage\":\"en\",\"@id\":\"https:\/\/sandbox2.foxtrotdev.com\/#\/schema\/logo\/image\/\",\"url\":\"https:\/\/sandbox2.foxtrotdev.com\/wp-content\/uploads\/2019\/03\/logo.png\",\"contentUrl\":\"https:\/\/sandbox2.foxtrotdev.com\/wp-content\/uploads\/2019\/03\/logo.png\",\"width\":128,\"height\":41,\"caption\":\"American Institute of the History of Pharmacy\"},\"image\":{\"@id\":\"https:\/\/sandbox2.foxtrotdev.com\/#\/schema\/logo\/image\/\"},\"sameAs\":[\"https:\/\/www.facebook.com\/PharmacyInHistory\/\",\"https:\/\/www.youtube.com\/channel\/UCuS80O24UVthiojfv395YiA\"]}]}<\/script>\n<!-- \/ Yoast SEO plugin. -->","yoast_head_json":{"title":"Pharmacy in History Vol. 58 (2016) - American Institute of the History of Pharmacy","description":"Advancing knowledge and understanding of the history of pharmacy and medicines.","robots":{"index":"index","follow":"follow","max-snippet":"max-snippet:-1","max-image-preview":"max-image-preview:large","max-video-preview":"max-video-preview:-1"},"canonical":"https:\/\/sandbox2.foxtrotdev.com\/?page_id=1120","og_locale":"en_US","og_type":"article","og_title":"Pharmacy in History Vol. 58 (2016) - American Institute of the History of Pharmacy","og_description":"Advancing knowledge and understanding of the history of pharmacy and medicines.","og_url":"https:\/\/sandbox2.foxtrotdev.com\/?page_id=1120","og_site_name":"American Institute of the History of Pharmacy","article_publisher":"https:\/\/www.facebook.com\/PharmacyInHistory\/","article_modified_time":"2020-08-11T20:21:18+00:00","og_image":[{"url":"https:\/\/sandbox2.foxtrotdev.com\/wp-content\/uploads\/2017\/06\/PH3-699x1024.jpeg","type":"","width":"","height":""}],"twitter_card":"summary_large_image","twitter_misc":{"Est. reading time":"1 minute"},"schema":{"@context":"https:\/\/schema.org","@graph":[{"@type":"WebPage","@id":"https:\/\/sandbox2.foxtrotdev.com\/?page_id=1120","url":"https:\/\/sandbox2.foxtrotdev.com\/?page_id=1120","name":"Pharmacy in History Vol. 58 (2016) - American Institute of the History of Pharmacy","isPartOf":{"@id":"https:\/\/sandbox2.foxtrotdev.com\/#website"},"primaryImageOfPage":{"@id":"https:\/\/sandbox2.foxtrotdev.com\/?page_id=1120#primaryimage"},"image":{"@id":"https:\/\/sandbox2.foxtrotdev.com\/?page_id=1120#primaryimage"},"thumbnailUrl":"https:\/\/sandbox2.foxtrotdev.com\/wp-content\/uploads\/2017\/06\/PH3-699x1024.jpeg","datePublished":"2018-01-08T20:41:58+00:00","dateModified":"2020-08-11T20:21:18+00:00","description":"Advancing knowledge and understanding of the history of pharmacy and medicines.","breadcrumb":{"@id":"https:\/\/sandbox2.foxtrotdev.com\/?page_id=1120#breadcrumb"},"inLanguage":"en","potentialAction":[{"@type":"ReadAction","target":["https:\/\/sandbox2.foxtrotdev.com\/?page_id=1120"]}]},{"@type":"ImageObject","inLanguage":"en","@id":"https:\/\/sandbox2.foxtrotdev.com\/?page_id=1120#primaryimage","url":"https:\/\/sandbox2.foxtrotdev.com\/wp-content\/uploads\/2017\/06\/PH3.jpeg","contentUrl":"https:\/\/sandbox2.foxtrotdev.com\/wp-content\/uploads\/2017\/06\/PH3.jpeg","width":2027,"height":2968,"caption":"Cover of Pharmacy in History"},{"@type":"BreadcrumbList","@id":"https:\/\/sandbox2.foxtrotdev.com\/?page_id=1120#breadcrumb","itemListElement":[{"@type":"ListItem","position":1,"name":"Home","item":"https:\/\/sandbox2.foxtrotdev.com\/"},{"@type":"ListItem","position":2,"name":"Pharmacy in History Journal","item":"https:\/\/sandbox2.foxtrotdev.com\/?page_id=40"},{"@type":"ListItem","position":3,"name":"Recent Issues of Pharmacy in History","item":"https:\/\/sandbox2.foxtrotdev.com\/?page_id=3214"},{"@type":"ListItem","position":4,"name":"Pharmacy in History Vol. 58 (2016)"}]},{"@type":"WebSite","@id":"https:\/\/sandbox2.foxtrotdev.com\/#website","url":"https:\/\/sandbox2.foxtrotdev.com\/","name":"American Institute of the History of Pharmacy","description":"Actively engaged in preserving the documents of pharmacy's past and developing materials for understanding the future.","publisher":{"@id":"https:\/\/sandbox2.foxtrotdev.com\/#organization"},"potentialAction":[{"@type":"SearchAction","target":{"@type":"EntryPoint","urlTemplate":"https:\/\/sandbox2.foxtrotdev.com\/?s={search_term_string}"},"query-input":{"@type":"PropertyValueSpecification","valueRequired":true,"valueName":"search_term_string"}}],"inLanguage":"en"},{"@type":"Organization","@id":"https:\/\/sandbox2.foxtrotdev.com\/#organization","name":"American Institute of the History of Pharmacy","url":"https:\/\/sandbox2.foxtrotdev.com\/","logo":{"@type":"ImageObject","inLanguage":"en","@id":"https:\/\/sandbox2.foxtrotdev.com\/#\/schema\/logo\/image\/","url":"https:\/\/sandbox2.foxtrotdev.com\/wp-content\/uploads\/2019\/03\/logo.png","contentUrl":"https:\/\/sandbox2.foxtrotdev.com\/wp-content\/uploads\/2019\/03\/logo.png","width":128,"height":41,"caption":"American Institute of the History of Pharmacy"},"image":{"@id":"https:\/\/sandbox2.foxtrotdev.com\/#\/schema\/logo\/image\/"},"sameAs":["https:\/\/www.facebook.com\/PharmacyInHistory\/","https:\/\/www.youtube.com\/channel\/UCuS80O24UVthiojfv395YiA"]}]}},"_links":{"self":[{"href":"https:\/\/sandbox2.foxtrotdev.com\/index.php?rest_route=\/wp\/v2\/pages\/1120","targetHints":{"allow":["GET"]}}],"collection":[{"href":"https:\/\/sandbox2.foxtrotdev.com\/index.php?rest_route=\/wp\/v2\/pages"}],"about":[{"href":"https:\/\/sandbox2.foxtrotdev.com\/index.php?rest_route=\/wp\/v2\/types\/page"}],"author":[{"embeddable":true,"href":"https:\/\/sandbox2.foxtrotdev.com\/index.php?rest_route=\/wp\/v2\/users\/2"}],"replies":[{"embeddable":true,"href":"https:\/\/sandbox2.foxtrotdev.com\/index.php?rest_route=%2Fwp%2Fv2%2Fcomments&post=1120"}],"version-history":[{"count":9,"href":"https:\/\/sandbox2.foxtrotdev.com\/index.php?rest_route=\/wp\/v2\/pages\/1120\/revisions"}],"predecessor-version":[{"id":3295,"href":"https:\/\/sandbox2.foxtrotdev.com\/index.php?rest_route=\/wp\/v2\/pages\/1120\/revisions\/3295"}],"up":[{"embeddable":true,"href":"https:\/\/sandbox2.foxtrotdev.com\/index.php?rest_route=\/wp\/v2\/pages\/3214"}],"wp:attachment":[{"href":"https:\/\/sandbox2.foxtrotdev.com\/index.php?rest_route=%2Fwp%2Fv2%2Fmedia&parent=1120"}],"curies":[{"name":"wp","href":"https:\/\/api.w.org\/{rel}","templated":true}]}}